0
Suppose -19*w + 20*w = 3. Suppose -5*q - 4*l + 11 = -2, 3*l - w = 3*q. Let i(y) = -5*y - 1. Calculate i(q).
-6
Let p be 2/3 + (-8)/(-6). Let l(t) be the first derivative of -t**4/4 + 3*t**2/2 - 5*t - 523. Let a be l(p). Let g(q) = q**2 + 6*q - 7. Calculate g(a).
0
Let f(q) = -2*q**2 - 3*q + 4. Suppose g + 2 + 0 - 4 = 0. What is f(g)?
-10
Let r(w) be the second derivative of -w**5/20 + 7*w**4/12 - 4*w**2 + 2502*w. Determine r(6).
28
Let y = 46 + -43. Suppose y*w + 5*u - 141 = -w, 4*w - 139 = -3*u. Let z(n) = -1 - 2*n - 39*n**2 - w*n**2 + 71*n**2 - n**3. Calculate z(-1).
0
Let x be ((-7056)/432)/(14/(-6)). Let p(i) = i**2 - 36*i + 208. Calculate p(x).
5
Let k(v) = 11*v**2 - 153*v**3 + 26*v + 152*v**3 - 11*v + 3 - 12*v. What is k(11)?
36
Let c(o) = 8 + 11596*o**2 - o - 2*o**3 - 23201*o**2 + 11596*o**2. Give c(-4).
-4
Let g(c) be the second derivative of c**6/120 + c**5/60 - c**4/12 - 5*c**3/6 - 52*c**2 + 200*c. Let y(q) be the first derivative of g(q). Give y(0).
-5
Suppose u + 15 = i - 4*u, 0 = 4*u + 8. Suppose 0 = -5*a + i*f + 5, -a + f = -3*f + 11. Let s(l) = -2*l**2 + 6*l - 1. Give s(a).
-21
Let q(g) be the first derivative of 155 - 3*g**2 - 3*g - 1/3*g**3. Give q(-3).
6
Let n(u) = 12*u + 1. Suppose 4*f = 6*f + 46. Let z(v) = -v**3 - 23*v**2 - 1. Let k be z(f). Determine n(k).
-11
Let h(s) = s**2 + 2*s - 1. Suppose -45*o + 46*o = x - 8, -2*x - 3*o = 14. Determine h(x).
7
Let p(j) be the second derivative of 0*j**2 + 1/24*j**4 + 0 - 28*j - 1/120*j**5 - 25/6*j**3. Let h(a) be the second derivative of p(a). Determine h(-1).
2
Let s(w) = -w**3 - 15*w**2 + 17*w + 18. Suppose 0 = 56*v - 156*v - 1600. What is s(v)?
2
Let r(a) = -15*a**3 - 3*a**2 - 14*a + 27. Let x(l) = 7*l**3 + 2*l**2 + 7*l - 12. Let z(v) = 6*r(v) + 13*x(v). Calculate z(-4).
42
Let t = 36 + -34. Let u(b) = 2*b**3 - 5*b**3 - b - 360*b**2 + 358*b**t. Let n be 4/6*3/(-2). Determine u(n).
2
Let d(q) = q**2 - 7*q - 30. Let r be ((-59 - -44) + 27)*2/((-8)/(-3)). Give d(r).
-12
Let l be (4 + 0)/((-8)/(-60)*-3). Let m be 851/185 - 4/l. Let q(i) = i + 3. Determine q(m).
8
Let m(s) = s**2 + 30*s + 76. Suppose -i + 3*i + 44 = 5*o, 0 = -2*i + 4*o - 44. Give m(i).
-100
Let y(s) = -3*s**2 + 7*s - 3. Let t(c) = -10*c**2 + 21*c - 9. Suppose 0 = 2*a - 22*a + 40. Let b(m) = a*t(m) - 7*y(m). What is b(6)?
-3
Let b = 644 - 642. Let i(l) = -6*l**2 + 10. Let s(x) = 7*x**2 - 12. Let t(n) = 4*i(n) + 3*s(n). Calculate t(b).
-8
Let r be 4/3*-3 - -29. Let i(m) = 6 - 2 - r - m. Give i(0).
-21
Let h(c) be the first derivative of -c**4/4 - 5*c**3/3 + 5*c**2/2 - 7*c - 43. Let q = -10 + 15. Suppose -25 = q*y + 5. Calculate h(y).
-1
Let p(f) be the second derivative of -f**5/60 + 5*f**4/12 + 3*f**3/2 + 47*f**2 - 2*f + 15. Let s(t) be the first derivative of p(t). Give s(10).
9
Let g(h) be the second derivative of -29*h**3/6 - 35*h**2/2 - 2*h - 4300. What is g(-2)?
23
Let y be ((-15)/(-20))/((-3)/(-24)). Let n(m) be the first derivative of m**3/3 - 7*m**2/2 + 6*m + 17. Determine n(y).
0
Let d(u) = 3*u**2 - 5*u - 32. Let h(a) = -19*a**2 + 29*a + 216. Let o(t) = -13*d(t) - 2*h(t). Determine o(7).
-16
Let t(f) be the second derivative of 0*f**2 + 0 + 81*f + 1/6*f**3. Determine t(0).
0
Suppose -12 = 4*d + n, 6 = -2*d - 4*n - 0*n. Let s be (8 - 115/15)/((-1)/d). Let b(z) = -3*z + 3*z - 6*z**2. Give b(s).
-6
Suppose -b = -3*o - 4*b - 24, 3*b = -12. Let s be 3*4/o*-1. Let q(l) = -3*l**3 - l**2 + s*l**2 + 2*l**3 - l**2. What is q(-1)?
2
Let l(y) be the third derivative of y**6/120 + y**5/10 + 7*y**4/24 + y**3/3 - 18*y**2. Suppose 0 = -8*f - 245 + 205. Determine l(f).
-8
Let c(t) = -10*t + 4. Let q = 180 - 389. Let n = q + 212. Determine c(n).
-26
Let n(f) be the second derivative of 6*f + 0 + 7/2*f**2 - 5/6*f**3. What is n(3)?
-8
Let x be (0*(-2)/4)/1. Let a(t) = -7*t - 25. Let b(s) = 3*s + 11. Suppose 36 = -14*o + 5*o. Let f(q) = o*a(q) - 9*b(q). Calculate f(x).
1
Let u(v) be the first derivative of -v**3/3 + v**2 - 148*v + 67. Let g(d) be the first derivative of u(d). Determine g(2).
-2
Let d(c) be the second derivative of -c**5/4 - c**4/4 + c**3/2 + 919*c. Give d(2).
-46
Let g(y) = -3*y + 29. Suppose 6*k = 10556 - 10502. Give g(k).
2
Let r(q) = q**3 + 4*q**2 - 3*q - 7. Let y be r(-4). Let b(h) be the first derivative of 1/3*h**3 - 3/2*h**2 - 3 - 3*h. Calculate b(y).
7
Let d(m) = -7*m - 263. Let h(u) = 21*u + 766. Let z(a) = 8*d(a) + 3*h(a). What is z(-27)?
5
Let v(a) = a**2 - 13*a + 26. Let u(i) = 2*i**2 - 31*i + 58. Let w(o) = 3*u(o) - 7*v(o). What is w(-3)?
-11
Let b be 4/6*((0 - -1123) + 2). Let k(f) = b - 3*f - 744 + 0*f. Let d(i) = -i**3 - 10*i**2 + 10*i - 7. Let x be d(-11). Determine k(x).
-6
Let k(n) = -6*n**2 + 655*n**3 + 630*n**3 + 13*n - 1286*n**3 - 2. Determine k(2).
-8
Let w(h) = 5 + 5 - 4*h - 3 + h**2. Let f = -718 - -724. Give w(f).
19
Let v(a) be the first derivative of 9*a**2/2 - 68*a - 1346. What is v(9)?
13
Let a(p) = -7*p**3 - p**2. Let q = 83 + -89. Let l be ((-22)/q - (-13)/39) + 5. Suppose -l = -18*z + 9*z. Calculate a(z).
-8
Let c(j) = 38*j + 265. Let u(b) = -61*b + 359. Let f be u(6). What is c(f)?
-1
Let r(x) be the second derivative of x**4/12 - x**3/2 - 17*x**2 - 7407*x. Calculate r(0).
-34
Let b(z) be the first derivative of 5*z**3/3 - 9*z**2/2 + 12*z - 19. Let v(t) = -6*t**2 + 8*t - 11. Let f(s) = -5*b(s) - 4*v(s). Determine f(12).
-4
Let g = 2 - -3. Let t(a) = 4*a + a**3 - 374*a**2 + 0 + 592*a**2 - 2 - 213*a**2 - 2*a**3. Determine t(g).
18
Suppose n + 385 = -2*x, 5*x = -5*n + 37 - 1957. Let r = 388 + n. Let b(a) = -a + 21. What is b(r)?
16
Let l(o) = -30*o - 12*o**2 + 2*o**3 - o**3 - 151 + 108 + 104. What is l(14)?
33
Let u(g) be the first derivative of 5*g**3/3 - g**2 + 2*g + 2. Suppose -n + 62 = 5*y, 4*n - 17 = -4*y + 39. Let v be -4*1/(4 + y/(-2)). Give u(v).
18
Let j(s) = 33 + 5*s + 67 - s**2 - 8*s - 6*s - 40. Calculate j(-14).
-10
Let w = -424 + 426. Let v(p) = -7 - 81*p - w*p**2 + 76*p + 3. What is v(-4)?
-16
Let u(t) = -t**3 + 25*t**2 + 23*t + 84. Suppose 3*a = -2*w + 64, -3*w = 3*a - 8*w - 113. Give u(a).
6
Let q(f) = f**3 + 9*f**2 + 8*f + 8. Let z(v) be the third derivative of -25*v**4/8 + 67*v**3/6 - 65*v**2. Let t be z(1). Determine q(t).
8
Let k = 8 - 5. Let x(m) = 1 - 6*m**3 + 0*m**3 + k*m**2 - 2*m**2 - 2*m. Let p = -161558 - -161559. Give x(p).
-6
Let k = -20 + 79. Let o(d) = 0*d**3 + 5 + 65*d - 132*d + k*d - d**3 - 9*d**2. Let b be -82 + 79 - (6 - 1). What is o(b)?
5
Let z(t) = 4*t - 17*t**2 - 16*t**2 - 39*t**2 - 1 + 62*t**2. Calculate z(3).
-79
Let z(a) = 478*a - 5705. Let j be z(12). Let l(u) = -4*u**2 + 126*u - 57. Give l(j).
5
Let n(r) = 6*r**2 + r. Suppose -7 = -5*j - 7. Suppose -4*p - 21 = o, 4*o - o - p - 2 = j. Determine n(o).
5
Suppose -8 = -12*w + 16. Let q(x) = -x**2 + 12 + 30*x + w*x + 2*x**2 - 41*x. Determine q(6).
-6
Let x(u) = 58*u - 514. Let s(a) = 2*a**3 - 21*a**2 - 139*a + 69. Let y be s(15). Determine x(y).
8
Let p(i) = 3*i + 11. Let x be p(-11). Let r(a) = 2*a**3 + 20*a**2 + 4*a + 20. Let u be r(-10). Let y = x - u. Let k(h) = 2*h**2 + 2*h + 3. Determine k(y).
7
Let x(v) be the first derivative of -v**4/24 + v**3 + 65*v**2/2 - 82. Let q(j) be the second derivative of x(j). Give q(10).
-4
Let x(p) be the second derivative of p**3/6 + p**2/2 + 370*p - 3. What is x(3)?
4
Let v(h) = 17 + 17*h + 11 - 5 - 21*h. Determine v(-8).
55
Let x(r) be the second derivative of r**5/20 + 7*r**4/12 + 5*r**3/6 - 2*r**2 - 13*r + 132. Give x(-6).
2
Let z(g) = -2*g**3 + 462 + 3*g + 4*g**2 - 920 - 2*g**2 + 454. Determine z(2).
-6
Let c = -11 - -28. Let t = -17 + c. Suppose -m + t*m + 7 = 0. Let b(a) = a**3 - 8*a**2 + 6*a + 8. Give b(m).
1
Let x(g) = 20*g - 6. Let y(i) = 7*i - 2. Let f(r) = 3*x(r) - 8*y(r). Let n = 689 + -456. Let b = n + -227. Give f(b).
22
Let r = -95921/24 + 3997. Let y(d) be the third derivative of 3/2*d**3 - 2*d**2 - 3/20*d**5 + r*d**4 + 1/120*d**6 + 0 + 0*d. Determine y(8).
1
Let w(c) = -c**3 + 10*c**2 - 2*c + 1. Let f be 8 - (0 - (-14)/7)/(-1). What is w(f)?
-19
Let u(l) = -5*l + 2*l**2 + 5*l. Suppose 6*h = 29*h + 207. Let z(v) = 2*v + 19. Let p be z(h). Give u(p).
2
Let r(i) = -533*i + 162*i + 202*i - 285 + 161*i. Determine r(-34).
-13
Let j(w) = 3*w**3 + 4*w + 2. Let l(r) = r**2 + r. Let c(d) = -11*d**3 - 4*d**2 - 15*d - 8. Let b(y) = c(y) + 4*l(y